et i(b) = b**3 - 12*b**2 - 52*b + 9. Determine i(15).
-96
Let l(f) = -17*f + 2570. Give l(154).
-48
Let f(r) = 24*r**3 + 2257*r**2 + 115*r + 1977. Give f(-94).
3
Let v(k) = 140*k**3 - 7*k**2 + 15*k - 8. Calculate v(1).
140
Let i(q) = -q**2 - 11*q + 41. What is i(-15)?
-19
Let f(x) = -87*x - 917. Determine f(-11).
40
Let b(x) = x**3 + 4*x**2 - 72*x + 148. Give b(3).
-5
Let y(d) = 20*d - 533. Give y(28).
27
Let v(b) = -b**3 + 23*b**2 + 58*b + 5. Determine v(25).
205
Let p(f) = -2*f**3 + 3*f**2 + 32. What is p(5)?
-143
Let g(f) = 430*f - 3469. Give g(8).
-29
Let l(k) = 2*k**3 - 40*k**2 - 37*k - 12. What is l(21)?
93
Let w(g) = -g**2 + 176*g + 1711. Give w(-9).
46
Let b(n) = 8*n**2 - 27*n - 87. Calculate b(-3).
66
Let n(g) = 203*g + 1622. Give n(-8).
-2
Let r(o) = o**2 - 28*o + 204. Calculate r(17).
17
Let a(w) = w**2 - 109*w - 606. Calculate a(-6).
84
Let f(w) = -59*w**3 - 2*w**2 + 1. Calculate f(1).
-60
Let w(r) = 31*r + 1501. Give w(-54).
-173
Let z(o) = -o**2 - 9*o + 7. Calculate z(-6).
25
Let o(n) = 54*n + 956. Give o(-18).
-16
Let s(x) = 197*x + 5123. Determine s(-26).
1
Let d(j) = 104*j + 5397. Determine d(-52).
-11
Let l(j) = -58*j**2 + 3075*j - 53. Determine l(53).
0
Let x(w) = -2*w**3 - 15*w**2 - 102*w - 890. Determine x(-8).
-10
Let i(y) = y**3 + 33*y**2 - 136*y - 2314. What is i(-35)?
-4
Let b(h) = -485*h + 2637. Determine b(6).
-273
Let n(w) = -w**3 + 17*w**2 + 36*w + 24. Determine n(19).
-14
Let m(d) = 396*d + 60560. What is m(-153)?
-28
Let j(p) = 2*p**2 - 277*p - 1619. What is j(144)?
-35
Let r(j) = -24*j + 82. Determine r(2).
34
Let v(l) = -l**3 + 63*l**2 + 70*l - 601. Give v(64).
-217
Let u(g) = 5*g**2 + 483*g - 1192. Determine u(-99).
-4
Let d(n) = -552*n - 3300. Give d(-6).
12
Let x(h) = -2*h**3 + 4*h**2 - 131*h + 545. Determine x(4).
-43
Let z(h) = -h**2 - 206*h - 1036. Give z(-5).
-31
Let y(g) = 2372*g - 21333. Give y(9).
15
Let b(h) = h**3 + 4*h**2 - 4*h + 11. Give b(-7).
-108
Let b(s) = 2*s**2 + 4*s + 43. Give b(11).
329
Let y(p) = -9*p**2 - 9*p - 130. Give y(-8).
-634
Let o(s) = 2*s**3 - 35*s**2 + 3*s + 241. Determine o(17).
3
Let g(m) = -m**3 + 21*m**2 - 9*m + 30. What is g(20)?
250
Let x(j) = -j**3 + 57*j**2 + 50*j + 457. Determine x(58).
-7
Let b(i) = -i + 56. What is b(34)?
22
Let s(n) = -8*n**2 - 26*n - 67. Give s(-3).
-61
Let q(u) = 17*u - 237. Give q(11).
-50
Let a(k) = 7*k**2 - 5*k - 74. Determine a(7).
234
Let x(t) = t**3 + 18*t**2 - 126*t + 60. Determine x(5).
5
Let n(i) = -4*i**2 - 214*i - 1443. Give n(-8).
13
Let d(m) = 4*m**2 - 3*m - 167. What is d(7)?
8
Let q(z) = -21*z**2 + 161*z + 19. Determine q(8).
-37
Let l(j) = -j**3 - 24*j**2 + 477*j - 148. What is l(-37)?
0
Let g(l) = -7*l**3 + 39*l**2 + 13*l - 120. Give g(5).
45
Let h(z) = -452*z + 12215. What is h(27)?
11
Let w(m) = -31*m - 165. Determine w(-5).
-10
Let r(p) = -6*p**2 - 11*p - 22. Calculate r(0).
-22
Let t(f) = -169*f + 8254. Determine t(49).
-27
Let g(w) = -39*w**3 + 6*w**2 - 276*w - 282. Determine g(-1).
39
Let w(g) = g**2 + 21*g - 178. Determine w(7).
18
Let f(p) = -1599*p - 49562. Give f(-31).
7
Let u(f) = -f**3 + 16*f**2 - 22*f. Determine u(14).
84
Let a(s) = 6*s**2 + 33*s + 100. What is a(-3)?
55
Let w(u) = -6*u**2 + 29*u + 100. Determine w(-3).
-41
Let i(y) = 9*y**2 + 1139*y - 632. Give i(-127).
-124
Let i(u) = -10*u + 76. Give i(4).
36
Let n(z) = 2026*z + 12187. Give n(-6).
31
Let v(l) = 2*l**3 + 8*l**2 - 3. Calculate v(-5).
-53
Let l(v) = -v**2 - 96*v + 1411. Give l(-109).
-6
Let f(m) = -33*m**2 + 299*m - 607. Calculate f(6).
-1
Let b(q) = q**3 - 20*q**2 + q - 24. Determine b(20).
-4
Let s(v) = -v**3 - 11*v**2 - 21*v - 92. Determine s(-10).
18
Let i(a) = -155*a - 9310. Give i(-60).
-10
Let y(j) = -4*j**3 - 33*j**2 - 15*j + 138. Give y(-7).
-2
Let f(o) = -8*o**3 + 5*o**2 - 2*o - 16. Calculate f(2).
-64
Let c(b) = -b**3 - 4*b**2 + 12. Determine c(-4).
12
Let o(y) = -107*y + 41. What is o(1)?
-66
Let z(h) = -h**2 + 10*h + 55. Calculate z(-6).
-41
Let i(f) = 17*f - 148. Determine i(15).
107
Let x(j) = -631*j + 1905. Give x(3).
12
Let d(p) = -p**2 - 4*p + 18. Calculate d(8).
-78
Let q(f) = -4*f**2 + 79*f - 4. Give q(22).
-202
Let i(t) = -63*t - 7. Determine i(-3).
182
Let w(g) = g**3 + 28*g**2 + 14*g - 46. Determine w(-27).
305
Let w(u) = 2*u**2 - 58*u + 428. Determine w(21).
92
Let c(i) = -56198*i + 1. Calculate c(0).
1
Let g(z) = 4*z**3 - z**2 - z - 18. What is g(4)?
218
Let s(n) = -n**3 + 11*n**2 + 190*n + 307. Determine s(-8).
3
Let i(h) = 7*h**3 + h**2 - 629*h - 1897. Calculate i(-3).
-190
Let t(k) = 132*k**2 - 101*k - 2. Give t(1).
29
Let u(v) = -721*v - 34602. Determine u(-48).
6
Let s(l) = -3*l**2 - 126*l + 26320. What is s(75)?
-5
Let n(o) = -o**3 - 25*o**2 - 3*o + 151. Give n(-25).
226
Let w(t) = 45*t**2 - 574*t - 132. Calculate w(13).
11
Let q(y) = -y**2 - 6*y + 18. Give q(-9).
-9
Let c(b) = -b**3 + 156*b**2 - 461*b + 348. Give c(153).
42
Let o(l) = -12*l**2 + 63*l + 12. Determine o(7).
-135
Let x(c) = 6*c**2 + 400*c + 5704. Determine x(-46).
0
Let k(s) = 2354*s + 21193. What is k(-9)?
7
Let g(b) = 731*b + 5204. Determine g(-7).
87
Let z(x) = 163*x - 236. Determine z(-6).
-1214
Let j(h) = h**3 - 59*h**2 + 276*h - 11. What is j(5)?
19
Let v(b) = -30*b + 310. Calculate v(5).
160
Let l(d) = 983*d + 8839. Calculate l(-9).
-8
Let y(s) = -21*s**2 + 12*s - 71. Calculate y(4).
-359
Let p(m) = 3358*m - 20143. What is p(6)?
5
Let n(m) = -8*m**2 - 888*m - 1. Give n(-111).
-1
Let i(u) = -8*u**2 - 131*u - 9. Give i(-18).
-243
Let l(t) = -8*t**2 - 44*t + 272. Calculate l(6).
-280
Let o(h) = 2*h**2 - 25*h + 38. What is o(13)?
51
Let w(z) = -z**3 - 17*z**2 - 42*z - 79. Give w(-15).
101
Let q(k) = 148*k - 181. Determine q(4).
411
Let d(t) = -t**2 + 396*t + 2067. What is d(-5)?
62
Let r(n) = -8*n**3 - n**2 + 4*n + 1. Give r(-2).
53
Let h(c) = c**2 + 1188*c - 35227. Give h(29).
66
Let b(j) = j**3 + 204*j**2 - 658*j - 7649. Calculate b(-207).
10
Let r(b) = 9*b**3 + 82*b**2 + 75*b - 47. Determine r(-8).
-7
Let j(t) = -t**3 - 38*t**2 - 29*t + 301. Give j(-37).
5
Let j(l) = 29*l - 31. Calculate j(-5).
-176
Let j(c) = -401*c - 4405. Give j(-11).
6
Let t(p) = 3*p**2 + 21*p + 32. Give t(-2).
2
Let w(p) = 56*p - 445. Determine w(5).
-165
Let f(h) = -2*h**3 + 40*h**2 + 144*h - 38. Calculate f(23).
100
Let t(j) = -11*j + 241. What is t(35)?
-144
Let r(j) = 7*j**2 + 38*j - 14. Determine r(-6).
10
Let k(f) = f**2 + 5*f - 236. Determine k(-18).
-2
Let w(o) = 2*o**3 - 37*o**2 + 52*o - 50. Determine w(17).
-33
Let l(u) = -105*u + 206. What is l(2)?
-4
Let z(b) = -2*b**3 + 8*b**2 + 12*b - 17. Determine z(-2).
7
Let q(x) = -16*x**2 + 78*x + 4. What is q(5)?
-6
Let h(x) = -2*x**2 + 33*x + 184. What is h(21)?
-5
Let c(b) = -4*b**2 - 17*b + 439. What is c(-13)?
-16
Let y(f) = 7*f**3 - 20*f**2 - 37*f - 5. What is y(4)?
-25
Let v(w) = 4*w**2 + w + 3. Give v(2).
21
Let q(d) = d**3 - 5*d**2 - 75*d + 18. What is q(-7)?
-45
Let c(u) = -174*u + 8706. Give c(50).
6
Let l(j) = 12*j + 56. What is l(-10)?
-64
Let v(q) = -8*q - 150. Give v(-3).
-126
Let x(s) = -s**3 + 2*s**2 - 4*s - 15. What is x(-5)?
180
Let g(i) = -i**3 + 36*i**2 + 7*i + 392. Calculate g(37).
-718
Let w(t) = -65*t - 1499. Give w(-23).
-4
Let p(t) = 23*t - 1718. Give p(76).
30
Let p(u) = -19*u**2 - 68*u - 30. Calculate p(-3).
3
Let j(m) = -66*m + 2768. Calculate j(42).
-4
Let c(i) = 13*i**2 - 355*i + 83. What is c(30)?
1133
Let f(q) = -q**3 + 33*q**2 - 250*q - 198. Give f(20).
2
Let j(o) = 12*o**2 - 2779*o - 3953. Determine j(233).
8
Let y(q) = -3*q**3 - 9*q**2 + 11*q - 42. What is y(-4)?
-38
Let n(f) = f**3 + 6*f**2 + 19*f + 50. Determine n(-4).
6
Let r(q) = -q**3 + 14*q**2 + 11*q + 56. Calculate r(15).
-4
Let g(n) = 8*n**2 - n - 420. Calculate g(0).
-420
Let f(b) = b**3 - 14*b**2 - 88*b + 10. What is f(-4)?
74
Let r(m) = 4*m**2 - 244*m - 250. Give r(62).
-2
Let g(x) = -958*x + 965. What is g(1)?
7
Let r(x) = -x**3 - 4*x**2 + 23*x + 3. Give r(-6).
-63
Let j(l) = -l**3 + 13*l**2 - 36*l - 19. Calculate j(5).
1
Let u(q) = 37*q**2 + 56*q + 251. Give u(-5).
896
Let n(q) = -2*q + 48. Calculate n(8).
32
Let x(t) = 3*t**3 + 124*t**2 - 354*t - 43. What is x(-44)?
45
Let f(h) = -126*h + 1463. What is f(7)?
581
Let j(y) = 4075*y + 114104. Give j(-28).
4
Let c(q) = -q**3 + 10*q**2 - 14*q - 2. Determine c(8).
14
Let v(p) = 